 to base 9.
-16418
1021121022 (base 3) to base 2
110001010001010
Convert 295b (base 13) to base 14.
227d
8b7 (base 13) to base 15
6a2
-1d30 (base 15) to base 2
-1100011001001
b84a (base 14) to base 15
9663
What is 577 (base 8) in base 2?
101111111
-1001010110010 (base 2) to base 13
-2242
What is -75c (base 13) in base 3?
-1201200
-27b (base 16) to base 15
-2c5
What is -11101110 (base 2) in base 16?
-ee
What is 25631 (base 8) in base 14?
40d3
-1402 (base 10) to base 16
-57a
-431 (base 9) to base 11
-2a0
Convert -26a2 (base 13) to base 8.
-12644
What is 73cc (base 16) in base 11?
202aa
Convert 1000100100 (base 2) to base 3.
202022
2110 (base 9) to base 12
a90
-21767 (base 8) to base 13
-4263
-4443 (base 5) to base 15
-2b8
11703 (base 9) to base 12
4670
517 (base 14) to base 11
830
What is -73ab (base 13) in base 4?
-3322123
Convert -14441 (base 5) to base 14.
-650
What is 14103 (base 7) in base 13?
1983
What is -206 (base 15) in base 8?
-710
Convert -236 (base 8) to base 7.
-314
-383 (base 9) to base 11
-26a
Convert -4a77 (base 11) to base 9.
-10063
What is 19 (base 14) in base 3?
212
What is -385 (base 14) in base 8?
-1301
What is -10033323 (base 4) in base 6?
-212323
What is -17380 (base 14) in base 9?
-88004
-13113 (base 6) to base 8
-3705
55d7 (base 16) to base 7
121032
Convert -4312 (base 9) to base 11.
-2422
-185 (base 9) to base 4
-2132
What is -569 (base 10) in base 9?
-702
490 (base 16) to base 2
10010010000
What is -14220 (base 6) in base 3?
-10002010
Convert 1249 (base 10) to base 2.
10011100001
What is -707 (base 13) in base 4?
-102212
-6402 (base 11) to base 7
-33462
-12145 (base 6) to base 13
-a7c
Convert -12655 (base 7) to base 3.
-11200201
1001111110010 (base 2) to base 12
2b56
What is -1279 (base 11) in base 12?
-b63
Convert -2166 (base 8) to base 10.
-1142
Convert -24231 (base 5) to base 13.
-a99
Convert -149 (base 16) to base 3.
-110012
Convert -11110100 (base 2) to base 6.
-1044
What is -aaa5 (base 13) in base 4?
-11303303
74b9 (base 12) to base 11
9699
What is 868 (base 12) in base 13?
73a
-42835 (base 10) to base 13
-16660
What is -1212012 (base 4) in base 11?
-4a00
Convert -203033 (base 4) to base 9.
-3075
What is -229 (base 10) in base 16?
-e5
16386 (base 10) to base 14
5d86
-1647 (base 8) to base 9
-1248
What is 4620 (base 9) in base 4?
311130
3023010 (base 4) to base 3
122211100
Convert -1001011110 (base 2) to base 11.
-501
Convert -261 (base 9) to base 8.
-331
Convert -341 (base 6) to base 5.
-1013
7342 (base 8) to base 6
25350
Convert 101000100001 (base 2) to base 13.
1246
-307a (base 12) to base 11
-3a69
-1537 (base 9) to base 13
-6bb
What is 33031 (base 4) in base 12?
691
Convert -1101221021 (base 3) to base 11.
-19861
-9e16 (base 15) to base 16
-830a
Convert -1113 (base 8) to base 12.
-40b
What is -435 (base 10) in base 4?
-12303
-349 (base 14) to base 8
-1215
-10331 (base 4) to base 10
-317
Convert -105050 (base 6) to base 15.
-2976
What is 57eb (base 16) in base 6?
252111
-102121010 (base 3) to base 4
-2010012
Convert -1030121 (base 4) to base 12.
-29b5
What is 113430 (base 5) in base 15?
13ca
39 (base 13) to base 11
44
244b9 (base 12) to base 13
19470
What is 1a4a (base 14) in base 16?
12a2
What is -104d9 (base 14) in base 9?
-60027
What is -1736 (base 10) in base 13?
-a37
Convert -11001011100 (base 2) to base 16.
-65c
-35163 (base 9) to base 14
-87a2
What is 1344 (base 6) in base 2?
101100000
What is -776 (base 10) in base 5?
-11101
91dd (base 15) to base 13
1103b
-44 (base 10) to base 15
-2e
Convert 7e88 (base 16) to base 6.
405544
124120 (base 5) to base 9
6655
-2276 (base 14) to base 8
-13540
-1a98 (base 12) to base 8
-6324
What is 1101111001011101 (base 2) in base 4?
31321131
Convert -1100233 (base 4) to base 3.
-21002101
What is 16b (base 12) in base 4?
3203
-332211 (base 6) to base 9
-42027
-111310 (base 4) to base 5
-21041
What is -3392 (base 11) in base 2?
-1000101101001
What is 1505 (base 11) in base 15?
896
517 (base 10) to base 6
2221
What is -2c40 (base 13) in base 4?
-1211022
What is -110011111 (base 2) in base 3?
-120101
c4c (base 15) to base 5
42042
Convert 1181 (base 11) to base 14.
7c1
-15654 (base 7) to base 13
-2043
What is -341 (base 7) in base 14?
-c8
Convert -3720 (base 9) to base 14.
-1020
What is -272 (base 12) in base 16?
-176
What is -13002203 (base 4) in base 6?
-341255
320011 (base 5) to base 15
323b
What is -28a (base 12) in base 5?
-3034
Convert 2865 (base 9) to base 15.
995
Convert -6ac (base 15) to base 4.
-113220
Convert -653 (base 8) to base 2.
-110101011
What is 100101100 (base 2) in base 10?
300
What is 2111011200 (base 3) in base 14?
13bbb
What is -5105 (base 7) in base 14?
-905
What is -ad0 (base 14) in base 7?
-6150
-11408 (base 9) to base 4
-1313012
Convert 5144 (base 10) to base 7.
20666
-74 (base 12) to base 3
-10021
Convert -34717 (base 10) to base 15.
-a447
36099 (base 10) to base 3
1211112000
Convert 113132 (base 4) to base 16.
5de
-8274 (base 9) to base 4
-1132231
-6d02 (base 14) to base 2
-100101001000110
What is 21113312 (base 4) in base 14?
ddc2
What is -224431 (base 5) in base 10?
-8116
What is -101100000101011 (base 2) in base 13?
-a373
Convert 1ac (base 13) to base 9.
375
Convert 4193 (base 12) to base 7.
26616
Convert -587 (base 14) to base 10.
-1099
Convert -3122 (base 5) to base 10.
-412
-47 (base 10) to base 15
-32
Convert -20211111 (base 3) to base 15.
-1721
Convert 110222 (base 3) to base 2.
101011110
What is 310141 (base 5) in base 13?
475a
-394 (base 10) to base 14
-202
Convert 24224 (base 13) to base 12.
32432
Convert 446 (base 11) to base 12.
386
What is 231 (base 5) in base 8?
102
What is 409b (base 14) in base 5?
323423
1a862 (base 12) to base 4
21211022
Convert 858 (base 9) to base 11.
588
-44133 (base 7) to base 2
-10101100101001
What is -20220022 (base 3) in base 5?
-130110
Convert -22e (base 15) to base 13.
-2c0
Convert -845 (base 14) to base 13.
-984
-6b4 (base 12) to base 10
-1000
34a (base 11) to base 12
2a9
54310 (base 6) to base 14
2a0a
Convert -50205 (base 9) to base 16.
-80cc
What is -119 (base 13) in base 3?
-21002
Convert 468 (base 13) to base 16.
2fa
Convert 11100121 (base 3) to base 15.
e1a
What is 12a2 (base 11) in base 13?
9c8
What is -2a700 (base 13) in base 14?
-2137d
What is 1a442 (base 12) in base 16?
96f2
What is -10473 (base 10) in base 2?
-10100011101001
What is -4204 (base 9) in base 3?
-11020011
Convert 504245 (base 6) to base 5.
2233340
Convert 100110010010 (base 2) to base 16.
992
What is 239 (base 12) in base 13?
1c8
Convert -724 (base 16) to base 2.
-11100100100
What is c47 (base 13) in base 8?
4047
What is -11001010000 (base 2) in base 3?
-2012212
What is 101100111100 (base 2) in base 7?
11246
Convert 1605 (base 10) to base 15.
720
What is -12bb (base 13) in base 8?
-5201
What is -263 (base 15) in base 13?
-32a
Convert -2402 (base 5) to base 11.
-2a0
What is -85586 (base 9) in base 14?
-168c0
What is 110212202 (base 3) in base 11?
7066
335 (base 14) to base 10
635
What is 1000011101110 (base 2) in base 8?
10356
-f63 (base 16) to base 13
-1a40
What is 162020 (base 7) in base 11?
21a82
-61 (base 13) to base 2
-1001111
Convert -110101111010 (base 2) to base 9.
-4653
What is 1123 (base 6) in base 14?
151
What is 101100001 (base 2) in base 3?
111002
-2362 (base 11) to base 2
-110000010101
Convert -7032 (base 8) to base 14.
-145c
-31 (base 7) to base 8
-26
809 (base 15) to base 5
24214
-5415 (base 12) to base 7
-35630
-92b (base 13) to base 8
-3026
Convert -31ec (base 16) to base 3.
-122112100
What is 3214 (base 6) in base 14?
3a2
What is 1011010010 (base 2) in base 16?
2d2
112220 (base 5) to base 10
4060
What is -3144 (base 5) in base 16?
-1a8
Convert -2100 (base 4) to base 11.
-121
Convert -1002112010 (base 3) to base 7.
-116514
40043 (base 5) to base 2
100111011011
Convert 4420344 (base 5) to base 16.
12a3d
-502 (base 11) to base 2
-1001011111
Convert 429b (base 15) to base 10.
14096
Convert 13212103 (base 4) to base 12.
16017
What is -644 (base 13) in base 3?
-1110122
Convert -3a5f (base 16) to base 10.
-14943
Convert -373 (base 16) to base 12.
-617
-1000001101 (base 2) to base 5
-4100
What is -528 (base 9) in base 11?
-362
-be1 (base 15) to base 5
-41221
Convert 31a4 (base 12) to base 6.
41124
-c3ae (base 16) to b